et y(g) = g**3 - 11*g**2 + 9*g + 8. Let l be y(10). Suppose d = -11 - 6. Let n = l - d. What are the prime factors of n?
3, 5
Let m(p) = -p**3 - 7*p**2 - 7*p - 10. What are the prime factors of m(-7)?
3, 13
What are the prime factors of (170/25)/((-2)/(-5))?
17
Suppose -4*y = -3*y - 5*v - 14, -12 = -2*y + 2*v. Suppose y*r = -2 - 18. Let t(b) = b**3 + 4*b**2 - 6*b + 3. List the prime factors of t(r).
2
Let u = 59 + -26. List the prime factors of u.
3, 11
Let w = -60 - -62. Suppose 0 = 2*h + s - 115, 0*h + 4*h = -s + 227. Suppose -w*p + h = 20. What are the prime factors of p?
2, 3
Suppose d - 5 - 45 = 0. What are the prime factors of d?
2, 5
What are the prime factors of -2*((-3 - (0 + -3)) + -98)?
2, 7
Let y(h) = -h**2 + 6*h - 7. Let b be 4/(-10) + (-27)/(-5). Let r be y(b). Let c = r - -5. What are the prime factors of c?
3
Suppose 27*w - 25*w = 334. List the prime factors of w.
167
Let j(k) = k - 1. Let h be j(6). List the prime factors of 5/((-5)/(-3))*h.
3, 5
Suppose -3*u + 7*u + 2*k = -34, -3*u = -5*k + 32. Let n = 20 + u. List the prime factors of n.
11
Suppose n = 4*f - 45, 0 = 3*f - 3*n - 0*n - 36. Let b = f + -1. List the prime factors of b.
2, 5
Suppose -464 - 364 = -6*f. What are the prime factors of f?
2, 3, 23
Let y = 1 + 6. List the prime factors of y.
7
Let t(y) = 2*y + 9. Let k be t(-7). Let p = k + 5. Suppose -s + 2*i + 7 = -2*i, -s - i + 2 = p. List the prime factors of s.
3
Let v be (6/(-2) + -3)/(-2). Suppose -3*h + 0*h + 3*y + 69 = 0, -79 = -v*h + y. What are the prime factors of h?
2, 7
Let r(w) = 2*w**2 + 4*w - 7. Let y be r(-5). Let u = y - -7. Suppose 6*b = 8*b - u. What are the prime factors of b?
3, 5
Let b be (-20)/(-25)*10/4. Suppose 0 = -n - b*n + 15. Suppose -n*g + 24 = -g. What are the prime factors of g?
2, 3
Suppose y - 4 = -2. Let u be 7/y*(-1 + 3). Let c = 3 + u. What are the prime factors of c?
2, 5
Suppose -3*g + 5*l + 14 = 0, 0*g + 3*l = 2*g - 9. Suppose 0 - 3 = -g*r. List the prime factors of r*(0 + -1 + 5).
2
Let j(a) = a**2 + 5*a + 2. Let c be j(-5). Suppose 4*m - 35 = i, -3*m + c*m + 4*i = -5. Suppose -t + m = 1. What are the prime factors of t?
2
Suppose -2*v - 4 = 2*v. Let o = -28 + 48. What are the prime factors of o/(v - (-6)/2)?
2, 5
Suppose 5*n - 161 = 2*s - 3*s, 0 = s - 1. List the prime factors of n.
2
Suppose 6*i + 137 = 911. What are the prime factors of i?
3, 43
Suppose -6*r + r + 10 = 0. Suppose -5*g + 66 + 0 = 3*x, -r*g + 6 = 0. List the prime factors of x.
17
Let o = -13 + 9. Let b = 60 + o. Suppose -3*c = -m - 7*c - 1, 4*m = 4*c + b. What are the prime factors of m?
11
List the prime factors of 9/((-90)/(-4))*175.
2, 5, 7
Let j be 5*(-3)/(-3)*-1. Let z = 7 - j. What are the prime factors of z?
2, 3
Let t be (2 - 0/(-3)) + 2. Let b = t - 1. List the prime factors of b.
3
List the prime factors of (-48)/(-9)*15 - 3.
7, 11
Let r be (-2)/(-9) + 158/18. Suppose -p + 37 = 43. Let u = r - p. List the prime factors of u.
3, 5
List the prime factors of -6*(-8)/48 - (-349 - -1).
349
Let q(g) = g**3 - 6*g**2 - 8*g + 10. Let t be (-1 + 2/(-4))*-2. Suppose t*n + 6 = 27. What are the prime factors of q(n)?
3
Let d = 15 - 0. Suppose -3*i + d = 2*i. What are the prime factors of i?
3
Suppose 0 = -2*b - 8, 112 = 4*n - b - 284. What are the prime factors of n?
2, 7
Let o be 114/24 + (-6)/8. Let b(i) be the first derivative of -i**4/4 + 5*i**3/3 - i**2/2 - 3*i - 2. What are the prime factors of b(o)?
3
Let w(p) = -p**2 - 5*p + 2. Let f be w(-4). Suppose -f = -t + 3*g, 1 = g + 3. Suppose -d + t*d = -2. List the prime factors of d.
2
Suppose 2*b - 858 = -4*b. List the prime factors of b.
11, 13
Let c(l) = -l**2 - 6*l + 425. What are the prime factors of c(0)?
5, 17
Let w(f) = 4*f**2 - 1. Let x be w(1). Suppose x*h - 10 = h, -1 = 3*d - 5*h. List the prime factors of d.
2
Let l be 0*(6/(-9) - -1). Suppose l = -3*b - 4*n + 34 - 0, -5*b = -n - 72. Let w = b - 2. List the prime factors of w.
2, 3
Let s(q) = -q**3 - 8*q**2 + 9*q + 4. What are the prime factors of s(-9)?
2
Let h = -21 - -33. List the prime factors of h.
2, 3
Suppose -f + 19 = -2. What are the prime factors of f?
3, 7
Suppose -4*f - 23 = -k - 59, 3*k + 2*f = -38. Let y = k - -27. What are the prime factors of y?
11
What are the prime factors of (-4 + 7)*9 + 3?
2, 3, 5
Let f(a) = 25*a + 33. List the prime factors of f(5).
2, 79
Suppose -3*p + 6*b - b + 251 = 0, -b = 3*p - 227. What are the prime factors of p?
7, 11
Let z(y) = 63*y**3 - y**2 + 2*y - 1. List the prime factors of z(1).
3, 7
Suppose 0*k = -2*k. Suppose 4*s - 37 = -5*j, -2*s + k*j + 19 = 3*j. List the prime factors of s.
2
List the prime factors of 22 - (-4)/(-8)*-2.
23
Suppose 3*o + 81 = -5*n, 16 = -n - 3*o - 5. Let b = n - -24. What are the prime factors of b?
3
Suppose 3*b - 4*a - 21 = 1, b - 18 = 4*a. Suppose h + b = 4. What are the prime factors of (h/6)/(8/240)?
2, 5
Let g(n) = 3*n**3 - 4*n**3 + 3*n**3 - 3*n. Let d be g(3). Suppose j + 3*z = 17, d = 3*j + 2*z + z. What are the prime factors of j?
2, 7
Let u(x) = x**3 + 6*x**2 + 2. Let c(j) = -2*j + 6. Let y be c(6). Let d be u(y). Suppose d*g + 13 = 47. What are the prime factors of g?
17
Let q(r) be the first derivative of 2 + 7/2*r**2 + 5/3*r**3 - 3*r - 1/4*r**4. What are the prime factors of q(6)?
3
Let l(s) = s**3. What are the prime factors of l(3)?
3
Suppose 5*r - 47 = -4*n, -r - 23 = 3*n - 4*n. Let t = -2 + n. Suppose 0 = -2*x + t - 2. What are the prime factors of x?
7
Suppose -4*f + f - 24 = -3*r, -f = 0. Let t = r + -4. List the prime factors of (-4)/(-16) - (-23)/t.
2, 3
Let c(n) = n**3 + 7*n**2 + n - 8. Let f be c(-6). Let r = f + -8. What are the prime factors of r?
2, 7
Let g(c) = -c - 2. Let o be g(-5). Let y = o + 0. Suppose y*x + 3 = 18. List the prime factors of x.
5
Suppose -4 = 2*q - 16. Let y be q + -4 - 8*1. List the prime factors of (-70)/y + 4/(-6).
11
Suppose -y - 26 = y. Let s = y + 32. What are the prime factors of s?
19
Let j(m) = -m**3 + 6*m**2 + 6*m - 6. Let h be j(7). Let x be (-136)/(-6) + (-2)/3. Let a = h + x. What are the prime factors of a?
3
Let k(i) = -2*i**2 + i**3 + i - 2*i + 0*i**3. Let z be k(2). List the prime factors of (1 - (5 + 0))*z.
2
Let v be (2 - 0) + 2 + -12. Suppose 0 = 2*g + 3*g + 55. Let d = v - g. What are the prime factors of d?
3
Suppose -3*l = 3*r - 0*l + 15, -2*r - 14 = 4*l. Let o = r - -17. List the prime factors of o.
2, 7
Let m be 8/(-20) - (-167)/5. Let k = -19 + m. What are the prime factors of k?
2, 7
Let j(i) = -i**2 - 8*i + 12. List the prime factors of j(-8).
2, 3
Suppose 0 + 6 = 3*d. Let y(i) = -d + 2 - 1 + i. List the prime factors of y(11).
2, 5
Suppose -2*w + 385 = -7*w. Let s = -54 - w. List the prime factors of s.
23
Suppose 6 = 4*f - 6. List the prime factors of 12/f - (1 - -1).
2
Suppose 7 = -3*f - 2. Let v be (-3)/3 + f/1. Let u = v + 12. List the prime factors of u.
2
Suppose -5*c + 14 + 1 = 0. Suppose c*s - 72 - 45 = 0. What are the prime factors of s?
3, 13
Let q(h) = 3*h + 10. Let z be 40/15*(2 + 1). List the prime factors of q(z).
2, 17
Suppose x + 6 = 2*x. Let f(o) = o**3 + 9*o**2 + 6*o - 13. Let w be f(-8). Let r = x + w. List the prime factors of r.
3
Suppose 2*j - j + 17 = 5*n, -22 = -2*j - 4*n. Suppose -5*s + d + 9 = -3*d, -j*s + d = -4. What are the prime factors of ((-10)/(-6) - s)*18?
2, 3
Let h(v) = -v**3 - 11*v**2 - 13*v - 8. Suppose -5*y + 11 = 61. What are the prime factors of h(y)?
2, 11
Suppose -8 = -b - 3. List the prime factors of b.
5
List the prime factors of (-678)/(-10) - 3/(-15).
2, 17
Suppose -2*n + 15 = -3. What are the prime factors of n?
3
Let f = 48 - 28. List the prime factors of f.
2, 5
Suppose -4*x + 14 - 2 = 0. Suppose -2*t = -4*a - 4, -2*t + x*t - 22 = -3*a. What are the prime factors of t?
2, 5
List the prime factors of 111 + (-4)/(1 + 0).
107
Let h(m) = 2 - 1 - 2*m - m**3 - 6 + 9*m**2. Let o be h(8). Suppose 0 = 5*q + 4*z - o, z + 32 = 4*q + 5*z. List the prime factors of q.
11
Let k = 10 - 5. Let a = -6 + k. List the prime factors of 26/2 - (-3)/a.
2, 5
Let z(g) be the second derivative of g**4/12 + 18*g**2 - 9*g. What are the prime factors of z(0)?
2, 3
List the prime factors of (-9 - (-7 - 4))*129/2.
3, 43
Suppose 5*s - 952 = -3*s. What are the prime factors of s?
7, 17
Let d(y) = -y**2 - 12*y - 2. List the pri